{"id":36,"date":"2026-07-01T21:57:25","date_gmt":"2026-07-01T21:57:25","guid":{"rendered":"https:\/\/rc21rally.pt\/?page_id=36"},"modified":"2026-07-12T14:46:33","modified_gmt":"2026-07-12T14:46:33","slug":"carro-de-competicao","status":"publish","type":"page","link":"https:\/\/rc21rally.pt\/?page_id=36","title":{"rendered":"Ve\u00edculos de Competi\u00e7\u00e3o"},"content":{"rendered":"\n<h2 class=\"wp-block-heading\">Peugeot 106 XSI<\/h2>\n\n\n\n<div class=\"wp-block-columns is-layout-flex wp-container-core-columns-is-layout-930feb06 wp-block-columns-is-layout-flex\">\n<div class=\"wp-block-column is-layout-flow wp-block-column-is-layout-flow\">\n<figure class=\"wp-block-image size-full\"><img loading=\"lazy\" decoding=\"async\" width=\"842\" height=\"601\" src=\"https:\/\/rc21rally.pt\/wp-content\/uploads\/2026\/07\/WhatsApp-Image-2026-07-12-at-12.29.28-edited.jpeg\" alt=\"\" class=\"wp-image-165\" srcset=\"https:\/\/rc21rally.pt\/wp-content\/uploads\/2026\/07\/WhatsApp-Image-2026-07-12-at-12.29.28-edited.jpeg 842w, https:\/\/rc21rally.pt\/wp-content\/uploads\/2026\/07\/WhatsApp-Image-2026-07-12-at-12.29.28-edited-300x214.jpeg 300w, https:\/\/rc21rally.pt\/wp-content\/uploads\/2026\/07\/WhatsApp-Image-2026-07-12-at-12.29.28-edited-768x548.jpeg 768w\" sizes=\"auto, (max-width: 842px) 100vw, 842px\" \/><\/figure>\n<\/div>\n\n\n\n<div class=\"wp-block-column is-layout-flow wp-block-column-is-layout-flow\">\n<figure class=\"wp-block-image size-full\"><img loading=\"lazy\" decoding=\"async\" width=\"611\" height=\"436\" src=\"https:\/\/rc21rally.pt\/wp-content\/uploads\/2026\/07\/WhatsApp-Image-2026-07-12-at-12.29.28-1-edited.jpeg\" alt=\"\" class=\"wp-image-167\" srcset=\"https:\/\/rc21rally.pt\/wp-content\/uploads\/2026\/07\/WhatsApp-Image-2026-07-12-at-12.29.28-1-edited.jpeg 611w, https:\/\/rc21rally.pt\/wp-content\/uploads\/2026\/07\/WhatsApp-Image-2026-07-12-at-12.29.28-1-edited-300x214.jpeg 300w\" sizes=\"auto, (max-width: 611px) 100vw, 611px\" \/><\/figure>\n<\/div>\n<\/div>\n\n\n\n<div class=\"wp-block-group is-layout-constrained wp-block-group-is-layout-constrained\">\n<h2 class=\"wp-block-heading\">Especifica\u00e7\u00f5es<\/h2>\n\n\n\n<div data-wp-context=\"{ &quot;autoclose&quot;: false, &quot;accordionItems&quot;: [] }\" data-wp-interactive=\"core\/accordion\" role=\"group\" class=\"wp-block-accordion is-layout-flow wp-block-accordion-is-layout-flow\">\n<div data-wp-class--is-open=\"state.isOpen\" data-wp-context=\"{ &quot;id&quot;: &quot;accordion-item-1&quot;, &quot;openByDefault&quot;: false }\" data-wp-init=\"callbacks.initAccordionItems\" data-wp-on-window--hashchange=\"callbacks.hashChange\" class=\"wp-block-accordion-item is-layout-flow wp-block-accordion-item-is-layout-flow\">\n<h3 class=\"wp-block-accordion-heading\"><button aria-expanded=\"false\" aria-controls=\"accordion-item-1-panel\" data-wp-bind--aria-expanded=\"state.isOpen\" data-wp-on--click=\"actions.toggle\" id=\"accordion-item-1\" type=\"button\" class=\"wp-block-accordion-heading__toggle\"><span class=\"wp-block-accordion-heading__toggle-title\"><strong>Motor<\/strong><\/span><span class=\"wp-block-accordion-heading__toggle-icon\" aria-hidden=\"true\">+<\/span><\/button><\/h3>\n\n\n\n<div aria-labelledby=\"accordion-item-1\" data-wp-bind--hidden=\"state.isHidden\" data-wp-on--beforematch=\"actions.handleBeforeMatch\" id=\"accordion-item-1-panel\" role=\"region\" class=\"wp-block-accordion-panel is-layout-flow wp-block-accordion-panel-is-layout-flow\">\n<ul class=\"wp-block-list\">\n<li><strong><em>1.6 16V 170CV <\/em><\/strong><\/li>\n<\/ul>\n<\/div>\n<\/div>\n\n\n\n<div data-wp-class--is-open=\"state.isOpen\" data-wp-context=\"{ &quot;id&quot;: &quot;accordion-item-2&quot;, &quot;openByDefault&quot;: false }\" data-wp-init=\"callbacks.initAccordionItems\" data-wp-on-window--hashchange=\"callbacks.hashChange\" class=\"wp-block-accordion-item is-layout-flow wp-block-accordion-item-is-layout-flow\">\n<h3 class=\"wp-block-accordion-heading\"><button aria-expanded=\"false\" aria-controls=\"accordion-item-2-panel\" data-wp-bind--aria-expanded=\"state.isOpen\" data-wp-on--click=\"actions.toggle\" id=\"accordion-item-2\" type=\"button\" class=\"wp-block-accordion-heading__toggle\"><span class=\"wp-block-accordion-heading__toggle-title\"><strong>Caixa de Velocidades<\/strong><\/span><span class=\"wp-block-accordion-heading__toggle-icon\" aria-hidden=\"true\">+<\/span><\/button><\/h3>\n\n\n\n<div aria-labelledby=\"accordion-item-2\" data-wp-bind--hidden=\"state.isHidden\" data-wp-on--beforematch=\"actions.handleBeforeMatch\" id=\"accordion-item-2-panel\" role=\"region\" class=\"wp-block-accordion-panel is-layout-flow wp-block-accordion-panel-is-layout-flow\">\n<p class=\"wp-block-paragraph\"><em><strong>5 Velocidades &#8211; Rela\u00e7\u00e3o Curta C\/Autoblocante<\/strong><\/em><\/p>\n<\/div>\n<\/div>\n\n\n\n<div data-wp-class--is-open=\"state.isOpen\" data-wp-context=\"{ &quot;id&quot;: &quot;accordion-item-3&quot;, &quot;openByDefault&quot;: false }\" data-wp-init=\"callbacks.initAccordionItems\" data-wp-on-window--hashchange=\"callbacks.hashChange\" class=\"wp-block-accordion-item is-layout-flow wp-block-accordion-item-is-layout-flow\">\n<h3 class=\"wp-block-accordion-heading\"><button aria-expanded=\"false\" aria-controls=\"accordion-item-3-panel\" data-wp-bind--aria-expanded=\"state.isOpen\" data-wp-on--click=\"actions.toggle\" id=\"accordion-item-3\" type=\"button\" class=\"wp-block-accordion-heading__toggle\"><span class=\"wp-block-accordion-heading__toggle-title\"><strong>Peso<\/strong><\/span><span class=\"wp-block-accordion-heading__toggle-icon\" aria-hidden=\"true\">+<\/span><\/button><\/h3>\n\n\n\n<div aria-labelledby=\"accordion-item-3\" data-wp-bind--hidden=\"state.isHidden\" data-wp-on--beforematch=\"actions.handleBeforeMatch\" id=\"accordion-item-3-panel\" role=\"region\" class=\"wp-block-accordion-panel is-layout-flow wp-block-accordion-panel-is-layout-flow\">\n<p class=\"wp-block-paragraph\"><strong><em>980 KG<\/em><\/strong><\/p>\n<\/div>\n<\/div>\n\n\n\n<div data-wp-class--is-open=\"state.isOpen\" data-wp-context=\"{ &quot;id&quot;: &quot;accordion-item-4&quot;, &quot;openByDefault&quot;: false }\" data-wp-init=\"callbacks.initAccordionItems\" data-wp-on-window--hashchange=\"callbacks.hashChange\" class=\"wp-block-accordion-item is-layout-flow wp-block-accordion-item-is-layout-flow\">\n<h3 class=\"wp-block-accordion-heading\"><button aria-expanded=\"false\" aria-controls=\"accordion-item-4-panel\" data-wp-bind--aria-expanded=\"state.isOpen\" data-wp-on--click=\"actions.toggle\" id=\"accordion-item-4\" type=\"button\" class=\"wp-block-accordion-heading__toggle\"><span class=\"wp-block-accordion-heading__toggle-title\"><strong>Prepara\u00e7\u00e3o<\/strong><\/span><span class=\"wp-block-accordion-heading__toggle-icon\" aria-hidden=\"true\">+<\/span><\/button><\/h3>\n\n\n\n<div aria-labelledby=\"accordion-item-4\" data-wp-bind--hidden=\"state.isHidden\" data-wp-on--beforematch=\"actions.handleBeforeMatch\" id=\"accordion-item-4-panel\" role=\"region\" class=\"wp-block-accordion-panel is-layout-flow wp-block-accordion-panel-is-layout-flow\">\n<p class=\"wp-block-paragraph\"><em><strong><a href=\"https:\/\/www.facebook.com\/p\/RCentro-Oficinas-61552496541112\/\">RCentro Oficinas<\/a> <\/strong><\/em><\/p>\n\n\n\n<p class=\"wp-block-paragraph\"><\/p>\n<\/div>\n<\/div>\n<\/div>\n<\/div>\n\n\n\n<h2 class=\"wp-block-heading has-text-align-center\"><\/h2>\n","protected":false},"excerpt":{"rendered":"<p>Peugeot 106 XSI Especifica\u00e7\u00f5es<\/p>\n","protected":false},"author":1,"featured_media":0,"parent":0,"menu_order":0,"comment_status":"closed","ping_status":"closed","template":"","meta":{"ngg_post_thumbnail":0,"pgc_sgb_lightbox_settings":"","footnotes":""},"class_list":["post-36","page","type-page","status-publish","hentry"],"_links":{"self":[{"href":"https:\/\/rc21rally.pt\/index.php?rest_route=\/wp\/v2\/pages\/36","targetHints":{"allow":["GET"]}}],"collection":[{"href":"https:\/\/rc21rally.pt\/index.php?rest_route=\/wp\/v2\/pages"}],"about":[{"href":"https:\/\/rc21rally.pt\/index.php?rest_route=\/wp\/v2\/types\/page"}],"author":[{"embeddable":true,"href":"https:\/\/rc21rally.pt\/index.php?rest_route=\/wp\/v2\/users\/1"}],"replies":[{"embeddable":true,"href":"https:\/\/rc21rally.pt\/index.php?rest_route=%2Fwp%2Fv2%2Fcomments&post=36"}],"version-history":[{"count":14,"href":"https:\/\/rc21rally.pt\/index.php?rest_route=\/wp\/v2\/pages\/36\/revisions"}],"predecessor-version":[{"id":209,"href":"https:\/\/rc21rally.pt\/index.php?rest_route=\/wp\/v2\/pages\/36\/revisions\/209"}],"wp:attachment":[{"href":"https:\/\/rc21rally.pt\/index.php?rest_route=%2Fwp%2Fv2%2Fmedia&parent=36"}],"curies":[{"name":"wp","href":"https:\/\/api.w.org\/{rel}","templated":true}]}}

Veículos de Competição

<h2 class="wp-block-heading">Peugeot 106 XSI</h2>



<div class="wp-block-columns is-layout-flex wp-container-core-columns-is-layout-930feb06 wp-block-columns-is-layout-flex">
<div class="wp-block-column is-layout-flow wp-block-column-is-layout-flow">
<figure class="wp-block-image size-full"><img loading="lazy" decoding="async" width="842" height="601" src="https://rc21rally.pt/wp-content/uploads/2026/07/WhatsApp-Image-2026-07-12-at-12.29.28-edited.jpeg" alt="" class="wp-image-165" srcset="https://rc21rally.pt/wp-content/uploads/2026/07/WhatsApp-Image-2026-07-12-at-12.29.28-edited.jpeg 842w, https://rc21rally.pt/wp-content/uploads/2026/07/WhatsApp-Image-2026-07-12-at-12.29.28-edited-300x214.jpeg 300w, https://rc21rally.pt/wp-content/uploads/2026/07/WhatsApp-Image-2026-07-12-at-12.29.28-edited-768x548.jpeg 768w" sizes="auto, (max-width: 842px) 100vw, 842px" /></figure>
</div>



<div class="wp-block-column is-layout-flow wp-block-column-is-layout-flow">
<figure class="wp-block-image size-full"><img loading="lazy" decoding="async" width="611" height="436" src="https://rc21rally.pt/wp-content/uploads/2026/07/WhatsApp-Image-2026-07-12-at-12.29.28-1-edited.jpeg" alt="" class="wp-image-167" srcset="https://rc21rally.pt/wp-content/uploads/2026/07/WhatsApp-Image-2026-07-12-at-12.29.28-1-edited.jpeg 611w, https://rc21rally.pt/wp-content/uploads/2026/07/WhatsApp-Image-2026-07-12-at-12.29.28-1-edited-300x214.jpeg 300w" sizes="auto, (max-width: 611px) 100vw, 611px" /></figure>
</div>
</div>



<div class="wp-block-group is-layout-constrained wp-block-group-is-layout-constrained">
<h2 class="wp-block-heading">Especificações</h2>



<div data-wp-context="{ &quot;autoclose&quot;: false, &quot;accordionItems&quot;: [] }" data-wp-interactive="core/accordion" role="group" class="wp-block-accordion is-layout-flow wp-block-accordion-is-layout-flow">
<div data-wp-class--is-open="state.isOpen" data-wp-context="{ &quot;id&quot;: &quot;accordion-item-1&quot;, &quot;openByDefault&quot;: false }" data-wp-init="callbacks.initAccordionItems" data-wp-on-window--hashchange="callbacks.hashChange" class="wp-block-accordion-item is-layout-flow wp-block-accordion-item-is-layout-flow">
<h3 class="wp-block-accordion-heading"><button aria-expanded="false" aria-controls="accordion-item-1-panel" data-wp-bind--aria-expanded="state.isOpen" data-wp-on--click="actions.toggle" id="accordion-item-1" type="button" class="wp-block-accordion-heading__toggle"><span class="wp-block-accordion-heading__toggle-title"><strong>Motor</strong></span><span class="wp-block-accordion-heading__toggle-icon" aria-hidden="true">+</span></button></h3>



<div aria-labelledby="accordion-item-1" data-wp-bind--hidden="state.isHidden" data-wp-on--beforematch="actions.handleBeforeMatch" id="accordion-item-1-panel" role="region" class="wp-block-accordion-panel is-layout-flow wp-block-accordion-panel-is-layout-flow">
<ul class="wp-block-list">
<li><strong><em>1.6 16V 170CV </em></strong></li>
</ul>
</div>
</div>



<div data-wp-class--is-open="state.isOpen" data-wp-context="{ &quot;id&quot;: &quot;accordion-item-2&quot;, &quot;openByDefault&quot;: false }" data-wp-init="callbacks.initAccordionItems" data-wp-on-window--hashchange="callbacks.hashChange" class="wp-block-accordion-item is-layout-flow wp-block-accordion-item-is-layout-flow">
<h3 class="wp-block-accordion-heading"><button aria-expanded="false" aria-controls="accordion-item-2-panel" data-wp-bind--aria-expanded="state.isOpen" data-wp-on--click="actions.toggle" id="accordion-item-2" type="button" class="wp-block-accordion-heading__toggle"><span class="wp-block-accordion-heading__toggle-title"><strong>Caixa de Velocidades</strong></span><span class="wp-block-accordion-heading__toggle-icon" aria-hidden="true">+</span></button></h3>



<div aria-labelledby="accordion-item-2" data-wp-bind--hidden="state.isHidden" data-wp-on--beforematch="actions.handleBeforeMatch" id="accordion-item-2-panel" role="region" class="wp-block-accordion-panel is-layout-flow wp-block-accordion-panel-is-layout-flow">
<p class="wp-block-paragraph"><em><strong>5 Velocidades &#8211; Relação Curta C/Autoblocante</strong></em></p>
</div>
</div>



<div data-wp-class--is-open="state.isOpen" data-wp-context="{ &quot;id&quot;: &quot;accordion-item-3&quot;, &quot;openByDefault&quot;: false }" data-wp-init="callbacks.initAccordionItems" data-wp-on-window--hashchange="callbacks.hashChange" class="wp-block-accordion-item is-layout-flow wp-block-accordion-item-is-layout-flow">
<h3 class="wp-block-accordion-heading"><button aria-expanded="false" aria-controls="accordion-item-3-panel" data-wp-bind--aria-expanded="state.isOpen" data-wp-on--click="actions.toggle" id="accordion-item-3" type="button" class="wp-block-accordion-heading__toggle"><span class="wp-block-accordion-heading__toggle-title"><strong>Peso</strong></span><span class="wp-block-accordion-heading__toggle-icon" aria-hidden="true">+</span></button></h3>



<div aria-labelledby="accordion-item-3" data-wp-bind--hidden="state.isHidden" data-wp-on--beforematch="actions.handleBeforeMatch" id="accordion-item-3-panel" role="region" class="wp-block-accordion-panel is-layout-flow wp-block-accordion-panel-is-layout-flow">
<p class="wp-block-paragraph"><strong><em>980 KG</em></strong></p>
</div>
</div>



<div data-wp-class--is-open="state.isOpen" data-wp-context="{ &quot;id&quot;: &quot;accordion-item-4&quot;, &quot;openByDefault&quot;: false }" data-wp-init="callbacks.initAccordionItems" data-wp-on-window--hashchange="callbacks.hashChange" class="wp-block-accordion-item is-layout-flow wp-block-accordion-item-is-layout-flow">
<h3 class="wp-block-accordion-heading"><button aria-expanded="false" aria-controls="accordion-item-4-panel" data-wp-bind--aria-expanded="state.isOpen" data-wp-on--click="actions.toggle" id="accordion-item-4" type="button" class="wp-block-accordion-heading__toggle"><span class="wp-block-accordion-heading__toggle-title"><strong>Preparação</strong></span><span class="wp-block-accordion-heading__toggle-icon" aria-hidden="true">+</span></button></h3>



<div aria-labelledby="accordion-item-4" data-wp-bind--hidden="state.isHidden" data-wp-on--beforematch="actions.handleBeforeMatch" id="accordion-item-4-panel" role="region" class="wp-block-accordion-panel is-layout-flow wp-block-accordion-panel-is-layout-flow">
<p class="wp-block-paragraph"><em><strong><a href="https://www.facebook.com/p/RCentro-Oficinas-61552496541112/">RCentro Oficinas</a> </strong></em></p>



<p class="wp-block-paragraph"></p>
</div>
</div>
</div>
</div>



<h2 class="wp-block-heading has-text-align-center"></h2>

<p>Peugeot 106 XSI Especificações</p>
