{"id":2,"date":"2026-06-28T22:38:15","date_gmt":"2026-06-28T22:38:15","guid":{"rendered":"https:\/\/rc21rally.pt\/?page_id=2"},"modified":"2026-07-14T11:03:38","modified_gmt":"2026-07-14T11:03:38","slug":"sample-page","status":"publish","type":"page","link":"https:\/\/rc21rally.pt\/?page_id=2","title":{"rendered":"Piloto"},"content":{"rendered":"\n<p class=\"has-text-align-center has-regular-font-size wp-block-paragraph\"><strong>Rodrigo Costa: Um Sonhador Pronto para Acelerar<\/strong><\/p>\n\n\n\n<p class=\"wp-block-paragraph\"><\/p>\n\n\n\n<ul class=\"wp-block-list\">\n<li class=\"has-normal-font-size\">&#8220;Desde pequeno, os carros sempre foram a minha maior paix\u00e3o.<br>Em crian\u00e7a, uma das primeiras palavras que disse foi o nome da marca do carro<br>do meu pai. A partir da\u00ed, tudo o que fazia tinha de ter um carro \u00e0 mistura.<\/li>\n<\/ul>\n\n\n\n<ul class=\"wp-block-list\">\n<li class=\"has-small-font-size\">Brincava com carros de brincar, comandava carros telecomandados e passava<br>horas nos Simuladores de corridas, sempre a sonhar com o  dia em que estaria atr\u00e1s do volante.<br>Acompanhar o Campeonato Regional Sul de Ralis (CSR) desde jovem s\u00f3 fez<br>crescer este sonho. Vibrei com cada curva, e sabia que um dia seria a minha<br>vez!<\/li>\n<\/ul>\n\n\n\n<ul class=\"wp-block-list\">\n<li class=\"has-normal-font-size\">Finalmente, em 2025, esse momento chegou! Fiz a  minha estreia nos ralis, e encaro este desafio com a determina\u00e7\u00e3o de quem viveu toda a vida<br>para alcan\u00e7ar este objetivo.<\/li>\n<\/ul>\n\n\n\n<ul class=\"wp-block-list\">\n<li class=\"has-normal-font-size\">Apesar de ainda n\u00e3o ter experi\u00eancia em competi\u00e7\u00f5es de rali, j\u00e1 tive algumas<br>experi\u00eancias em karting, que me deram uma amostra da adrenalina e da<br>t\u00e9cnica necess\u00e1rias no desporto motorizado.<\/li>\n<\/ul>\n\n\n\n<ul class=\"wp-block-list\">\n<li class=\"has-normal-font-size\">Mas, mais importante do que isso, trago comigo uma paix\u00e3o inabal\u00e1vel e um<br>compromisso total em superar todos os desafios.   Quero crescer como piloto e, ao mesmo tempo, elevar o nome dos meus patrocinadores e da minha<br>equipa, prova ap\u00f3s prova.<\/li>\n<\/ul>\n\n\n\n<ul class=\"wp-block-list\">\n<li class=\"has-normal-font-size\">O Campeonato Regional Sul de Ralis (CSR) foi a minha oportunidade de<br>mostrar que, com dedica\u00e7\u00e3o, talento e apoio, qualquer sonho pode tornar-se<br>realidade.<\/li>\n<\/ul>\n\n\n\n<ul class=\"wp-block-list\">\n<li class=\"has-normal-font-size\">Ao longo da \u00e9poca cresci n\u00e3o s\u00f3 como piloto, mas tamb\u00e9m como pessoa, aprendi a lidar com diferentes desafios, criei la\u00e7os dentro do meio e demonstrei uma evolu\u00e7\u00e3o clara, refletida no andamento em prova e nos resultados alcan\u00e7ados, afirmando-me entre os melhores da minha classe.<\/li>\n<\/ul>\n\n\n\n<ul class=\"wp-block-list\">\n<li class=\"has-normal-font-size\">Foi com um enorme orgulho que em meados de 2025 passei a integrar o restrito grupo de Pilotos ACP.<\/li>\n<\/ul>\n\n\n\n<ul class=\"wp-block-list\">\n<li class=\"has-normal-font-size\">Encaro a competi\u00e7\u00e3o com seriedade e dedica\u00e7\u00e3o, assumindo um envolvimento ativo na prepara\u00e7\u00e3o das provas e uma forte preocupa\u00e7\u00e3o em valorizar os parceiros que acreditam neste projeto. A forma como represento quem me apoia, dentro e fora dos tro\u00e7os, \u00e9 um dos pilares do meu percurso.<\/li>\n<\/ul>\n\n\n\n<p class=\"has-text-align-center wp-block-paragraph\"><strong>Quero inspirar outros jovens, que como eu cresceram com a paix\u00e3o pelos<br>motores, a perseguirem os seus objetivos. <\/strong> <strong>Afinal, isto n\u00e3o \u00e9 apenas sobre<br>acelerar \u2013 \u00e9 sobre acreditar, desafiar os nossos limites e deixar a nossa<br>marca na estrada.<\/strong><\/p>\n\n\n\n<div class=\"wp-block-columns is-not-stacked-on-mobile is-layout-flex wp-container-core-columns-is-layout-930feb06 wp-block-columns-is-layout-flex\">\n<div class=\"wp-block-column is-layout-flow wp-block-column-is-layout-flow\">\n<figure class=\"wp-block-image size-full\"><img loading=\"lazy\" decoding=\"async\" width=\"960\" height=\"720\" src=\"https:\/\/rc21rally.pt\/wp-content\/uploads\/2026\/07\/WhatsApp-Image-2026-07-12-at-16.52.50.jpeg\" alt=\"\" class=\"wp-image-224\" srcset=\"https:\/\/rc21rally.pt\/wp-content\/uploads\/2026\/07\/WhatsApp-Image-2026-07-12-at-16.52.50.jpeg 960w, https:\/\/rc21rally.pt\/wp-content\/uploads\/2026\/07\/WhatsApp-Image-2026-07-12-at-16.52.50-300x225.jpeg 300w, https:\/\/rc21rally.pt\/wp-content\/uploads\/2026\/07\/WhatsApp-Image-2026-07-12-at-16.52.50-768x576.jpeg 768w\" sizes=\"auto, (max-width: 960px) 100vw, 960px\" \/><\/figure>\n\n\n\n<figure class=\"wp-block-image size-full\"><img loading=\"lazy\" decoding=\"async\" width=\"1536\" height=\"1415\" src=\"https:\/\/rc21rally.pt\/wp-content\/uploads\/2026\/07\/WhatsApp-Image-2026-07-12-at-17.05.51.jpeg\" alt=\"\" class=\"wp-image-232\" srcset=\"https:\/\/rc21rally.pt\/wp-content\/uploads\/2026\/07\/WhatsApp-Image-2026-07-12-at-17.05.51.jpeg 1536w, https:\/\/rc21rally.pt\/wp-content\/uploads\/2026\/07\/WhatsApp-Image-2026-07-12-at-17.05.51-300x276.jpeg 300w, https:\/\/rc21rally.pt\/wp-content\/uploads\/2026\/07\/WhatsApp-Image-2026-07-12-at-17.05.51-1024x943.jpeg 1024w, https:\/\/rc21rally.pt\/wp-content\/uploads\/2026\/07\/WhatsApp-Image-2026-07-12-at-17.05.51-768x708.jpeg 768w\" sizes=\"auto, (max-width: 1536px) 100vw, 1536px\" \/><\/figure>\n<\/div>\n\n\n\n<div class=\"wp-block-column is-layout-flow wp-block-column-is-layout-flow\">\n<figure class=\"wp-block-image size-large\"><img loading=\"lazy\" decoding=\"async\" width=\"1024\" height=\"768\" src=\"https:\/\/rc21rally.pt\/wp-content\/uploads\/2026\/07\/WhatsApp-Image-2026-07-12-at-16.55.37-1024x768.jpeg\" alt=\"\" class=\"wp-image-230\" srcset=\"https:\/\/rc21rally.pt\/wp-content\/uploads\/2026\/07\/WhatsApp-Image-2026-07-12-at-16.55.37-1024x768.jpeg 1024w, https:\/\/rc21rally.pt\/wp-content\/uploads\/2026\/07\/WhatsApp-Image-2026-07-12-at-16.55.37-300x225.jpeg 300w, https:\/\/rc21rally.pt\/wp-content\/uploads\/2026\/07\/WhatsApp-Image-2026-07-12-at-16.55.37-768x576.jpeg 768w, https:\/\/rc21rally.pt\/wp-content\/uploads\/2026\/07\/WhatsApp-Image-2026-07-12-at-16.55.37-1536x1152.jpeg 1536w, https:\/\/rc21rally.pt\/wp-content\/uploads\/2026\/07\/WhatsApp-Image-2026-07-12-at-16.55.37.jpeg 1600w\" sizes=\"auto, (max-width: 1024px) 100vw, 1024px\" \/><\/figure>\n\n\n\n<figure class=\"wp-block-image size-large is-resized\"><img loading=\"lazy\" decoding=\"async\" width=\"1111\" height=\"1481\" src=\"https:\/\/rc21rally.pt\/wp-content\/uploads\/2026\/07\/WhatsApp-Image-2026-07-12-at-17.04.18-edited.jpeg\" alt=\"\" class=\"wp-image-234\" style=\"aspect-ratio:0.7500145036839357;width:283px;height:auto\" srcset=\"https:\/\/rc21rally.pt\/wp-content\/uploads\/2026\/07\/WhatsApp-Image-2026-07-12-at-17.04.18-edited.jpeg 1111w, https:\/\/rc21rally.pt\/wp-content\/uploads\/2026\/07\/WhatsApp-Image-2026-07-12-at-17.04.18-edited-225x300.jpeg 225w, https:\/\/rc21rally.pt\/wp-content\/uploads\/2026\/07\/WhatsApp-Image-2026-07-12-at-17.04.18-edited-768x1024.jpeg 768w\" sizes=\"auto, (max-width: 1111px) 100vw, 1111px\" \/><\/figure>\n<\/div>\n<\/div>\n\n\n\n<figure class=\"wp-block-image size-full is-resized\"><img loading=\"lazy\" decoding=\"async\" width=\"960\" height=\"685\" src=\"https:\/\/rc21rally.pt\/wp-content\/uploads\/2026\/07\/WhatsApp-Image-2026-07-12-at-16.55.55-1.jpeg\" alt=\"\" class=\"wp-image-236\" style=\"aspect-ratio:1.7765359020552227;width:720px;height:auto\" srcset=\"https:\/\/rc21rally.pt\/wp-content\/uploads\/2026\/07\/WhatsApp-Image-2026-07-12-at-16.55.55-1.jpeg 960w, https:\/\/rc21rally.pt\/wp-content\/uploads\/2026\/07\/WhatsApp-Image-2026-07-12-at-16.55.55-1-300x214.jpeg 300w, https:\/\/rc21rally.pt\/wp-content\/uploads\/2026\/07\/WhatsApp-Image-2026-07-12-at-16.55.55-1-768x548.jpeg 768w\" sizes=\"auto, (max-width: 960px) 100vw, 960px\" \/><\/figure>\n","protected":false},"excerpt":{"rendered":"<p>Rodrigo Costa: Um Sonhador Pronto para Acelerar Quero inspirar outros jovens, que como eu cresceram com a paix\u00e3o pelosmotores, a perseguirem os seus objetivos. Afinal, isto n\u00e3o \u00e9 apenas sobreacelerar \u2013 \u00e9 sobre acreditar, desafiar os nossos limites e deixar a nossamarca na estrada.<\/p>\n","protected":false},"author":1,"featured_media":0,"parent":0,"menu_order":0,"comment_status":"closed","ping_status":"closed","template":"","meta":{"ngg_post_thumbnail":0,"pgc_sgb_lightbox_settings":"","footnotes":""},"class_list":["post-2","page","type-page","status-publish","hentry"],"_links":{"self":[{"href":"https:\/\/rc21rally.pt\/index.php?rest_route=\/wp\/v2\/pages\/2","targetHints":{"allow":["GET"]}}],"collection":[{"href":"https:\/\/rc21rally.pt\/index.php?rest_route=\/wp\/v2\/pages"}],"about":[{"href":"https:\/\/rc21rally.pt\/index.php?rest_route=\/wp\/v2\/types\/page"}],"author":[{"embeddable":true,"href":"https:\/\/rc21rally.pt\/index.php?rest_route=\/wp\/v2\/users\/1"}],"replies":[{"embeddable":true,"href":"https:\/\/rc21rally.pt\/index.php?rest_route=%2Fwp%2Fv2%2Fcomments&post=2"}],"version-history":[{"count":9,"href":"https:\/\/rc21rally.pt\/index.php?rest_route=\/wp\/v2\/pages\/2\/revisions"}],"predecessor-version":[{"id":240,"href":"https:\/\/rc21rally.pt\/index.php?rest_route=\/wp\/v2\/pages\/2\/revisions\/240"}],"wp:attachment":[{"href":"https:\/\/rc21rally.pt\/index.php?rest_route=%2Fwp%2Fv2%2Fmedia&parent=2"}],"curies":[{"name":"wp","href":"https:\/\/api.w.org\/{rel}","templated":true}]}}

<p class="has-text-align-center has-regular-font-size wp-block-paragraph"><strong>Rodrigo Costa: Um Sonhador Pronto para Acelerar</strong></p>



<p class="wp-block-paragraph"></p>



<ul class="wp-block-list">
<li class="has-normal-font-size">&#8220;Desde pequeno, os carros sempre foram a minha maior paixão.<br>Em criança, uma das primeiras palavras que disse foi o nome da marca do carro<br>do meu pai. A partir daí, tudo o que fazia tinha de ter um carro à mistura.</li>
</ul>



<ul class="wp-block-list">
<li class="has-small-font-size">Brincava com carros de brincar, comandava carros telecomandados e passava<br>horas nos Simuladores de corridas, sempre a sonhar com o  dia em que estaria atrás do volante.<br>Acompanhar o Campeonato Regional Sul de Ralis (CSR) desde jovem só fez<br>crescer este sonho. Vibrei com cada curva, e sabia que um dia seria a minha<br>vez!</li>
</ul>



<ul class="wp-block-list">
<li class="has-normal-font-size">Finalmente, em 2025, esse momento chegou! Fiz a  minha estreia nos ralis, e encaro este desafio com a determinação de quem viveu toda a vida<br>para alcançar este objetivo.</li>
</ul>



<ul class="wp-block-list">
<li class="has-normal-font-size">Apesar de ainda não ter experiência em competições de rali, já tive algumas<br>experiências em karting, que me deram uma amostra da adrenalina e da<br>técnica necessárias no desporto motorizado.</li>
</ul>



<ul class="wp-block-list">
<li class="has-normal-font-size">Mas, mais importante do que isso, trago comigo uma paixão inabalável e um<br>compromisso total em superar todos os desafios.   Quero crescer como piloto e, ao mesmo tempo, elevar o nome dos meus patrocinadores e da minha<br>equipa, prova após prova.</li>
</ul>



<ul class="wp-block-list">
<li class="has-normal-font-size">O Campeonato Regional Sul de Ralis (CSR) foi a minha oportunidade de<br>mostrar que, com dedicação, talento e apoio, qualquer sonho pode tornar-se<br>realidade.</li>
</ul>



<ul class="wp-block-list">
<li class="has-normal-font-size">Ao longo da época cresci não só como piloto, mas também como pessoa, aprendi a lidar com diferentes desafios, criei laços dentro do meio e demonstrei uma evolução clara, refletida no andamento em prova e nos resultados alcançados, afirmando-me entre os melhores da minha classe.</li>
</ul>



<ul class="wp-block-list">
<li class="has-normal-font-size">Foi com um enorme orgulho que em meados de 2025 passei a integrar o restrito grupo de Pilotos ACP.</li>
</ul>



<ul class="wp-block-list">
<li class="has-normal-font-size">Encaro a competição com seriedade e dedicação, assumindo um envolvimento ativo na preparação das provas e uma forte preocupação em valorizar os parceiros que acreditam neste projeto. A forma como represento quem me apoia, dentro e fora dos troços, é um dos pilares do meu percurso.</li>
</ul>



<p class="has-text-align-center wp-block-paragraph"><strong>Quero inspirar outros jovens, que como eu cresceram com a paixão pelos<br>motores, a perseguirem os seus objetivos. </strong> <strong>Afinal, isto não é apenas sobre<br>acelerar – é sobre acreditar, desafiar os nossos limites e deixar a nossa<br>marca na estrada.</strong></p>



<div class="wp-block-columns is-not-stacked-on-mobile is-layout-flex wp-container-core-columns-is-layout-930feb06 wp-block-columns-is-layout-flex">
<div class="wp-block-column is-layout-flow wp-block-column-is-layout-flow">
<figure class="wp-block-image size-full"><img loading="lazy" decoding="async" width="960" height="720" src="https://rc21rally.pt/wp-content/uploads/2026/07/WhatsApp-Image-2026-07-12-at-16.52.50.jpeg" alt="" class="wp-image-224" srcset="https://rc21rally.pt/wp-content/uploads/2026/07/WhatsApp-Image-2026-07-12-at-16.52.50.jpeg 960w, https://rc21rally.pt/wp-content/uploads/2026/07/WhatsApp-Image-2026-07-12-at-16.52.50-300x225.jpeg 300w, https://rc21rally.pt/wp-content/uploads/2026/07/WhatsApp-Image-2026-07-12-at-16.52.50-768x576.jpeg 768w" sizes="auto, (max-width: 960px) 100vw, 960px" /></figure>



<figure class="wp-block-image size-full"><img loading="lazy" decoding="async" width="1536" height="1415" src="https://rc21rally.pt/wp-content/uploads/2026/07/WhatsApp-Image-2026-07-12-at-17.05.51.jpeg" alt="" class="wp-image-232" srcset="https://rc21rally.pt/wp-content/uploads/2026/07/WhatsApp-Image-2026-07-12-at-17.05.51.jpeg 1536w, https://rc21rally.pt/wp-content/uploads/2026/07/WhatsApp-Image-2026-07-12-at-17.05.51-300x276.jpeg 300w, https://rc21rally.pt/wp-content/uploads/2026/07/WhatsApp-Image-2026-07-12-at-17.05.51-1024x943.jpeg 1024w, https://rc21rally.pt/wp-content/uploads/2026/07/WhatsApp-Image-2026-07-12-at-17.05.51-768x708.jpeg 768w" sizes="auto, (max-width: 1536px) 100vw, 1536px" /></figure>
</div>



<div class="wp-block-column is-layout-flow wp-block-column-is-layout-flow">
<figure class="wp-block-image size-large"><img loading="lazy" decoding="async" width="1024" height="768" src="https://rc21rally.pt/wp-content/uploads/2026/07/WhatsApp-Image-2026-07-12-at-16.55.37-1024x768.jpeg" alt="" class="wp-image-230" srcset="https://rc21rally.pt/wp-content/uploads/2026/07/WhatsApp-Image-2026-07-12-at-16.55.37-1024x768.jpeg 1024w, https://rc21rally.pt/wp-content/uploads/2026/07/WhatsApp-Image-2026-07-12-at-16.55.37-300x225.jpeg 300w, https://rc21rally.pt/wp-content/uploads/2026/07/WhatsApp-Image-2026-07-12-at-16.55.37-768x576.jpeg 768w, https://rc21rally.pt/wp-content/uploads/2026/07/WhatsApp-Image-2026-07-12-at-16.55.37-1536x1152.jpeg 1536w, https://rc21rally.pt/wp-content/uploads/2026/07/WhatsApp-Image-2026-07-12-at-16.55.37.jpeg 1600w" sizes="auto, (max-width: 1024px) 100vw, 1024px" /></figure>



<figure class="wp-block-image size-large is-resized"><img loading="lazy" decoding="async" width="1111" height="1481" src="https://rc21rally.pt/wp-content/uploads/2026/07/WhatsApp-Image-2026-07-12-at-17.04.18-edited.jpeg" alt="" class="wp-image-234" style="aspect-ratio:0.7500145036839357;width:283px;height:auto" srcset="https://rc21rally.pt/wp-content/uploads/2026/07/WhatsApp-Image-2026-07-12-at-17.04.18-edited.jpeg 1111w, https://rc21rally.pt/wp-content/uploads/2026/07/WhatsApp-Image-2026-07-12-at-17.04.18-edited-225x300.jpeg 225w, https://rc21rally.pt/wp-content/uploads/2026/07/WhatsApp-Image-2026-07-12-at-17.04.18-edited-768x1024.jpeg 768w" sizes="auto, (max-width: 1111px) 100vw, 1111px" /></figure>
</div>
</div>



<figure class="wp-block-image size-full is-resized"><img loading="lazy" decoding="async" width="960" height="685" src="https://rc21rally.pt/wp-content/uploads/2026/07/WhatsApp-Image-2026-07-12-at-16.55.55-1.jpeg" alt="" class="wp-image-236" style="aspect-ratio:1.7765359020552227;width:720px;height:auto" srcset="https://rc21rally.pt/wp-content/uploads/2026/07/WhatsApp-Image-2026-07-12-at-16.55.55-1.jpeg 960w, https://rc21rally.pt/wp-content/uploads/2026/07/WhatsApp-Image-2026-07-12-at-16.55.55-1-300x214.jpeg 300w, https://rc21rally.pt/wp-content/uploads/2026/07/WhatsApp-Image-2026-07-12-at-16.55.55-1-768x548.jpeg 768w" sizes="auto, (max-width: 960px) 100vw, 960px" /></figure>

<p>Rodrigo Costa: Um Sonhador Pronto para Acelerar Quero inspirar outros jovens, que como eu cresceram com a paixão pelosmotores, a perseguirem os seus objetivos. Afinal, isto não é apenas sobreacelerar – é sobre acreditar, desafiar os nossos limites e deixar a nossamarca na estrada.</p>
